rime factors of 2769?
3, 13, 71
List the prime factors of 30722876.
2, 17, 37, 12211
List the prime factors of 2827697.
101, 27997
List the prime factors of 725936.
2, 59, 769
List the prime factors of 290363.
293, 991
What are the prime factors of 883818?
2, 3, 13, 1259
List the prime factors of 33726.
2, 3, 7, 11, 73
List the prime factors of 403305.
3, 5, 7, 23, 167
What are the prime factors of 280716?
2, 3, 149, 157
List the prime factors of 141519.
3, 7, 23, 293
List the prime factors of 622201.
31, 20071
List the prime factors of 693386.
2, 19, 71, 257
What are the prime factors of 5187954?
2, 3, 47, 18397
What are the prime factors of 18530?
2, 5, 17, 109
List the prime factors of 10981511.
23, 20759
What are the prime factors of 173312?
2, 677
List the prime factors of 5507306.
2, 7, 56197
List the prime factors of 79172.
2, 19793
List the prime factors of 6932448.
2, 3, 24071
List the prime factors of 626753.
19, 32987
What are the prime factors of 7383780?
2, 3, 5, 17, 19, 127
List the prime factors of 969749.
11, 23, 3833
What are the prime factors of 4957642?
2, 17, 43, 3391
List the prime factors of 5541418.
2, 937, 2957
What are the prime factors of 1515871?
7, 216553
What are the prime factors of 4929103?
37, 101, 1319
What are the prime factors of 585329?
139, 4211
What are the prime factors of 15723476?
2, 3930869
What are the prime factors of 477687?
3, 7, 23, 43
List the prime factors of 832003.
832003
List the prime factors of 8088423.
3, 7, 283, 1361
List the prime factors of 19860536.
2, 2482567
List the prime factors of 5813807.
5813807
List the prime factors of 1982580.
2, 3, 5, 173, 191
List the prime factors of 1431007.
1431007
List the prime factors of 29898.
2, 3, 11, 151
List the prime factors of 32137736.
2, 4017217
What are the prime factors of 3252395?
5, 650479
What are the prime factors of 53116?
2, 7, 271
What are the prime factors of 16301709?
3, 179, 3373
What are the prime factors of 824490?
2, 3, 5, 9161
List the prime factors of 1073093.
7, 41, 3739
What are the prime factors of 855355?
5, 17, 29, 347
What are the prime factors of 205297?
205297
What are the prime factors of 110833?
137, 809
What are the prime factors of 527623?
527623
List the prime factors of 298653.
3, 99551
What are the prime factors of 7629544?
2, 13, 73361
List the prime factors of 32830481.
971, 33811
What are the prime factors of 1936660?
2, 5, 11, 8803
List the prime factors of 2161181.
11, 53, 337
List the prime factors of 1477707.
3, 7, 11, 6397
List the prime factors of 287012.
2, 11, 593
List the prime factors of 494273.
13, 193, 197
List the prime factors of 4172546.
2, 7, 42577
List the prime factors of 379580.
2, 5, 18979
What are the prime factors of 222022?
2, 31, 3581
What are the prime factors of 622353?
3, 17, 12203
What are the prime factors of 530603?
530603
What are the prime factors of 7065242?
2, 3532621
What are the prime factors of 654590?
2, 5, 67, 977
What are the prime factors of 1360738?
2, 29, 809
What are the prime factors of 12813233?
61, 210053
List the prime factors of 7083540.
2, 3, 5, 23, 29, 59
What are the prime factors of 74666?
2, 37, 1009
What are the prime factors of 50841?
3, 7, 269
List the prime factors of 243325.
5, 9733
What are the prime factors of 241541?
29, 8329
List the prime factors of 6565.
5, 13, 101
What are the prime factors of 85911?
3, 7, 4091
List the prime factors of 129306.
2, 3, 23, 937
What are the prime factors of 67513?
181, 373
List the prime factors of 682924.
2, 11, 17, 83
What are the prime factors of 763063?
7, 67, 1627
What are the prime factors of 7641230?
2, 5, 19, 131, 307
What are the prime factors of 15974448?
2, 3, 7, 47543
List the prime factors of 331806.
2, 3, 17, 3253
What are the prime factors of 287224?
2, 7, 23, 223
List the prime factors of 258048.
2, 3, 7
What are the prime factors of 645295?
5, 7, 103, 179
List the prime factors of 410182.
2, 23, 37, 241
List the prime factors of 12358071.
3, 11, 43, 2903
What are the prime factors of 7327999?
7, 149551
What are the prime factors of 1025366?
2, 512683
List the prime factors of 618568.
2, 167, 463
What are the prime factors of 699986?
2, 7, 49999
List the prime factors of 345047.
345047
List the prime factors of 552420.
2, 3, 5, 11, 31
List the prime factors of 23722.
2, 29, 409
What are the prime factors of 11153447?
11153447
What are the prime factors of 163015?
5, 32603
List the prime factors of 73816.
2, 9227
What are the prime factors of 1820043?
3, 67409
List the prime factors of 26027853.
3, 19, 179, 2551
What are the prime factors of 403028?
2, 19, 5303
What are the prime factors of 477535?
5, 95507
List the prime factors of 1820734.
2, 17, 53551
What are the prime factors of 388021?
61, 6361
List the prime factors of 100253.
29, 3457
What are the prime factors of 1862131?
67, 27793
List the prime factors of 39849177.
3, 13283059
List the prime factors of 3715502.
2, 7, 41, 6473
List the prime factors of 1769042.
2, 11, 191, 421
What are the prime factors of 232979?
47, 4957
What are the prime factors of 438998?
2, 7, 31357
List the prime factors of 777780.
2, 3, 5, 29, 149
What are the prime factors of 280630?
2, 5, 7, 19, 211
List the prime factors of 257191.
11, 103, 227
List the prime factors of 508689.
3, 29, 1949
What are the prime factors of 2316972?
2, 3, 7, 27583
What are the prime factors of 264713?
97, 2729
What are the prime factors of 400617?
3, 7, 6359
List the prime factors of 3704304.
2, 3, 229, 337
What are the prime factors of 2170561?
269, 8069
List the prime factors of 1826598.
2, 3, 304433
What are the prime factors of 5333970?
2, 3, 5, 29, 6131
List the prime factors of 46850.
2, 5, 937
List the prime factors of 5108566.
2, 2554283
List the prime factors of 6107702.
2, 19, 97, 1657
List the prime factors of 4583451.
3, 73, 20929
What are the prime factors of 8792873?
541, 16253
What are the prime factors of 9430091?
11, 857281
List the prime factors of 154033.
11, 19, 67
What are the prime factors of 13249625?
5, 105997
List the prime factors of 1271878.
2, 635939
List the prime factors of 16746079.
7, 29, 82493
What are the prime factors of 9170765?
5, 1834153
List the prime factors of 1939627.
83, 23369
List the prime factors of 8165309.
8165309
List the prime factors of 1072774.
2, 251, 2137
List the prime factors of 169957.
169957
List the prime factors of 734198.
2, 19, 139
List the prime factors of 6796863.
3, 37, 20411
What are the prime factors of 621792?
2, 3, 17, 127
What are the prime factors of 7278293?
11, 661663
List the prime factors of 279663.
3, 73, 1277
What are the prime factors of 28855771?
7, 677, 6089
List the prime factors of 4992682.
2, 211, 11831
List the prime factors of 6301766.
2, 37, 85159
List the prime factors of 38848222.
2, 7, 2774873
List the prime factors of 1262163.
3, 7, 60103
List the prime factors of 9061548.
2, 3, 31, 24359
What are the prime factors of 4970254?
2, 23, 167, 647
What are the prime factors of 637841?
637841
What are the prime factors of 23267?
53, 439
What are the prime factors of 55338?
2, 3, 23, 401
What are the prime factors of 1043221?
1043221
What are the prime factors of 1518526?
2, 759263
What are the prime factors of 41417405?
5, 8283481
List the prime factors of 7841454.
2, 3, 17, 59, 1303
List the prime factors of 188726.
2, 197, 479
List the prime factors of 1667684.
2, 23, 18127
List the prime factors of 15673114.
2, 59, 317, 419
What are the prime factors of 973309?
67, 73, 199
List the prime factors of 552045.
3, 5, 13, 19, 149
What are the prime factors of 849969?
3, 94441
List the prime factors of 22004.
2, 5501
What are the prime factors of 16237623?
3, 829, 6529
What are the prime factors of 20683539?
3, 409, 1873
List the prime factors of 253574.
2, 19, 6673
What are the prime factors of 360722?
2, 180361
What are the prime factors of 20564152?
2, 7, 17, 21601
What are the prime factors of 8101395?
3, 5, 41, 4391
What are the prime factors of 1629996?
2, 3, 41, 3313
What are the prime factors of 591038?
2, 7, 37, 163
What are the prime factors of 1730926?
2, 223, 3881
List the prime factors of 31760824.
2, 3970103
List the prime factors of 753865.
5, 7, 17, 181
What are the prime factors of 